Calculate the greatest common factor of l and 221.
13
Suppose 5*n + 5*d = d + 742, 8 = -4*d. Suppose -5*z + 743 = -942. Let x = z - n. What is the greatest common divisor of x and 17?
17
Let t(v) = 0*v - 3*v**2 - 3*v + 3*v**3 - 4*v**3. Let b(s) = 11*s - 255. Let z be b(23). Let x be t(z). What is the highest common divisor of x and 1?
1
Let s(o) = 4*o**2 - 2*o + 3. Let g be s(-3). Suppose 31*y + 53*y = 2268. Calculate the greatest common divisor of y and g.
9
Suppose 39*w - 15633 = 66*w. Let d = 292 - w. What is the highest common factor of 13 and d?
13
Let h(c) = 69*c**2 + 1. Let o be h(-1). Let l = 107 - o. Let r = l + 19. What is the greatest common factor of r and 14?
14
Let d = -1334 + 1364. Calculate the greatest common divisor of 80 and d.
10
Let x(i) = -191*i - 5072. Let s be x(-27). What is the greatest common factor of s and 646?
17
Suppose 0 = -4*p - 3*w + 9503, -3*p + 4657 + 2471 = 2*w. Calculate the greatest common divisor of p and 451.
41
Suppose 2574 = 186*r - 3513 - 2283. Calculate the greatest common divisor of 28170 and r.
45
Let i(g) = -g**3 - g**2 + g + 1225. Let c be i(0). Suppose c = -3*v + 8*v. Let h = v + -160. Calculate the greatest common divisor of 17 and h.
17
Let c be (-10)/25 - 4416/(-40). Let f(r) = r + 7. Let q be f(-4). Let m be q/(-3*3/(-30)). What is the greatest common divisor of m and c?
10
Suppose 0 = 5*j - 15, -8*j = -3*t - 13*j + 222. Calculate the highest common factor of t and 782.
23
Let s(n) = 14*n - 13. Let m = 451 - 448. Let k be s(m). Calculate the greatest common divisor of k and 551.
29
Let s be 5 + (-12)/(-5 + 11). Suppose -2394 = -s*r - 2*q, -19*r - q = -20*r + 803. What is the highest common divisor of r and 32?
32
Let r = 448 + -418. Suppose -6 = -3*q + 3*o, q - 4*q + o + 8 = 0. Suppose 45 = 2*m - q*d, m - 23 - 2 = 2*d. What is the highest common factor of r and m?
15
Let w(q) = 9*q - 397. Let l be w(44). Let y be 64 + l - (-3 + 6). What is the highest common divisor of 20 and y?
20
Suppose -14*q + 168 = -10*q. Let m = -790 - -838. Calculate the greatest common divisor of m and q.
6
Let q(y) = 6*y + 2. Let m be q(5). Suppose 143*t - 68 = -n + 139*t, -5*t = 5*n - 445. Calculate the greatest common factor of n and m.
32
Suppose 5*f - 4*f = 33. Let h(m) = m**3 - 32*m**2 - 30*m - 49. Let c be h(f). Calculate the highest common divisor of c and 30.
10
Let h(p) = 8*p + 52. Let w be h(0). Let r = -560 - -794. What is the highest common divisor of r and w?
26
Suppose d - 3280 = -319*x + 315*x, -5*x + 4*d + 4079 = 0. What is the highest common divisor of x and 45?
9
Let y be (-67)/(-2)*(5/15 + (-4389)/(-63)). What is the highest common divisor of y and 35?
35
Suppose 109*k = 117*k - 1728. Suppose 0 = 45*f - 33*f - k. Calculate the highest common factor of f and 27.
9
Let t = -3452 + 14183. Calculate the highest common divisor of t and 219.
219
Let v be (-2)/(-19) + 13 + (-15540)/(-380). Suppose 9 = -x + 2*x. Calculate the greatest common factor of v and x.
9
Let z = 90 + -85. Suppose -2*n - 42 = -2*w, w + z + 4 = -5*n. Calculate the greatest common factor of w and 152.
8
Let f = 101479 - 100499. Let k(o) = o**3 - 7*o**2 - 6*o + 4. Let p be k(8). Calculate the greatest common divisor of f and p.
20
Let z be (1/1)/(19/11381). Suppose -5*f - 2*u = -6*u - z, 5*f = -4*u + 631. What is the greatest common factor of 205 and f?
41
Let m be (-5)/(2/10 - 6/(-45)). Let p = 71 + m. Calculate the highest common factor of 504 and p.
56
Suppose 82*y - 93*y = -141 - 13. What is the highest common factor of y and 1897?
7
Let b(d) = d**3 - 5*d**2 + 6*d - 3. Let x be b(6). Let z(p) = -2*p**3 - 59*p**2 + 33*p + 182. Let y be z(-30). Calculate the highest common factor of y and x.
23
Let b = 10350 - 10230. Calculate the greatest common factor of 7500 and b.
60
Suppose 5*y - 1512 = 4*n, -4*y = 4*n - 992 - 232. What is the greatest common divisor of 368 and y?
16
Let a = 4030 - 289. Calculate the highest common factor of 58 and a.
29
Suppose -4*n + 264 = 4*w, 8*n = 4*n + 5*w + 273. Suppose 2*m - 135 = z, 2*m = -4*z + 202 - 72. What is the greatest common factor of n and m?
67
Suppose -35*y = -37*y - 7*l + 100, 94 = 5*y - 2*l. Calculate the highest common divisor of y and 9559.
11
Suppose -22*m = -19*m + 21, 4*y - 374 = 2*m. What is the highest common factor of y and 16?
2
Suppose -f + 66969 = 3*w, -89244 = -4*w - 4*f + 8*f. Calculate the highest common divisor of 36 and w.
36
Suppose 24*s + 210 = 26*s. Let w = 100 - 68. Suppose r - o - w = 0, 2*r + o - 73 = -0*o. What is the highest common divisor of r and s?
35
Suppose -2*p = 3*l - 12, 4*p + 3*l + 0 = 12. Let v = -146 - -210. Suppose p = -67*j + v*j + 660. What is the highest common factor of j and 22?
22
Let w be 1 - ((3 - 2 - -3) + -4). Let u be (168/48)/(w/54). What is the highest common divisor of u and 27?
27
Let u = -1292 - -2664. Suppose -5*y - 9*y = -u. What is the highest common divisor of 182 and y?
14
Let p = 791 + -768. Suppose -2*j + 1014 = -1700. What is the greatest common factor of p and j?
23
Let k(m) = 4*m**2 - 5*m - 2. Let p be 30/(-5) + 11 + -8. Let i be k(p). What is the highest common divisor of i and 21?
7
Let u be (-2 + 1)*-12 + 2. Suppose -3*s - 548 = 4*o, 137 = -o + s + 4*s. Let h = o + 144. What is the greatest common factor of u and h?
7
Suppose -4*b = 3*q - 225, -4*q + 412 - 454 = -b. What is the highest common divisor of b and 21?
3
Let u(m) = -68*m + 146. Let d be u(2). Let l be -2*1/((-1)/8). What is the greatest common factor of d and l?
2
Let g = -12200 + 12240. What is the greatest common factor of 7880 and g?
40
Suppose 6*q - q = 10. Suppose q*n + 48 = -2*n. Let s(v) = v**2 + 8*v - 15. Let i be s(n). What is the highest common divisor of i and 22?
11
Let i(n) = 9*n - 42. Suppose -35*m = -33*m - 12. Let h be i(m). Suppose -184 = -14*s + h*s. What is the greatest common factor of 23 and s?
23
Suppose 0 = 17*x + 6*x - 2070. Let a(q) = -3*q. Let n be a(-10). Let w = n - 20. What is the highest common factor of x and w?
10
Suppose -7*w = -5*w - 144. Suppose -q + 5*m + 130 = 0, -q - 5*m + 36 = -74. Let k = q - w. Calculate the greatest common divisor of 24 and k.
24
Suppose -1133 + 238 = 5*u. Let r = -164 - u. Calculate the greatest common factor of 330 and r.
15
Let o(k) = k**2 - 6*k + 18. Let b be o(7). Let f(z) = z + 31. Let n be f(b). Suppose n = p + 2. What is the greatest common divisor of 12 and p?
6
Let h = 585 + 4. Suppose -4*s - 2*m = -476, m - h = 2*s - 7*s. Calculate the highest common factor of s and 39.
39
Let b(v) = v**2 + 5*v - 4. Let a be (-11)/4 - (-1)/(-4). Let j be b(a). Let y(p) = -2*p - 16. Let d be y(j). What is the greatest common divisor of 4 and d?
4
Let y = 2611 + -2599. Let c be (-8)/(-44) + 1214/(-22). Let z = -31 - c. What is the greatest common factor of y and z?
12
Let i = 34252 + -33990. Calculate the highest common factor of 1703 and i.
131
Let r(k) = -4*k**2 + 2*k - 1. Let z be r(1). Let a(p) = 6*p - 3 - 3*p**2 + 10 + 6*p**2. Let n be a(z). Calculate the greatest common divisor of n and 4.
4
Suppose 26*m - 15 = 89. Suppose 5*s - 871 = 3*t + t, -688 = -m*s + t. Calculate the highest common factor of s and 76.
19
Let g be (-3)/((-6)/106) - -3. Suppose 4*i - 44 = -2*n, 7*n - 12*n = -4*i - 152. Suppose 34*j - 33*j = n. What is the greatest common divisor of g and j?
28
Suppose -20 = -z - 3*z. Let j = 20 - z. Suppose -11*q - 45 = -210. What is the highest common divisor of q and j?
15
Let f be (-8)/(-20) + ((-27048)/(-30))/(-4). Let k = f - -280. What is the highest common divisor of 121 and k?
11
Suppose 4*s = -4*r + 1634 + 7406, s = -4*r + 2251. Suppose -6205 + s = -6*p. What is the highest common divisor of p and 9?
9
Suppose -3*u = -5*c + 264, -2*c = -5*c + 2*u + 158. Suppose 0 = 2*g - x - c, g - 17 = -2*x + 15. Calculate the greatest common factor of g and 7.
7
Let r be (-13)/((18 - 16)/(-38)). Calculate the greatest common factor of r and 2413.
19
Suppose 3*w = -11 + 53. Let d(f) = -8*f + 53. Let k be d(-11). Let a = 143 - k. Calculate the highest common factor of a and w.
2
Let d be (-10 + (-4780)/16)*-4 - (1 + -7). What is the greatest common factor of 102 and d?
17
Suppose x = -118 - 466. Let h = 1070 + x. Let y(r) = -3*r + 18. Let w be y(-12). What is the highest common factor of w and h?
54
Suppos